{"id":95,"date":"2021-08-09T08:15:57","date_gmt":"2021-08-09T08:15:57","guid":{"rendered":"https:\/\/www.karto-k.eu\/?page_id=95"},"modified":"2021-08-09T08:18:55","modified_gmt":"2021-08-09T08:18:55","slug":"odborne-kurzy-dle-zakona-c136-2011-sb","status":"publish","type":"page","link":"https:\/\/www.karto-k.eu\/?page_id=95","title":{"rendered":"Odborn\u00e9 kurzy dle z\u00e1kona \u010d.136\/2011 Sb."},"content":{"rendered":"\n<div class=\"wp-block-group\"><div class=\"wp-block-group__inner-container is-layout-flow wp-block-group-is-layout-flow\">\n<figure class=\"wp-block-table alignleft is-style-regular\"><table class=\"\" style=\"text-align: justify;\"><tbody><tr><td class=\"has-text-align-justify\" data-align=\"justify\">Je ur\u010den\u00fd pro osoby (<a href=\"http:\/\/www.karto-k.eu\/?page_id=112\">viz. platn\u00e1 legislativa<\/a>), kter\u00e9 u&nbsp;osob sm\u011bn\u00e1rn\u00edk, kter\u00fd prov\u00e1d\u00ed sm\u011bn\u00e1rensk\u00e9 obchody pouze mezi m\u011bnami \u010desk\u00e1 koruna, euro, americk\u00fd dolar, britsk\u00e1 libra nebo japonsk\u00fd jen, provozovatel kasina, dr\u017eitel po\u0161tovn\u00ed licence nebo zvl\u00e1\u0161tn\u00ed po\u0161tovn\u00ed licence podle z\u00e1kona o&nbsp;po\u0161tovn\u00edch slu\u017eb\u00e1ch, a&nbsp;d\u00e1le platebn\u00ed instituce, poskytovatel platebn\u00edch slu\u017eeb mal\u00e9ho rozsahu, instituce elektronick\u00fdch pen\u011bz a&nbsp;vydavatel elektronick\u00fdch pen\u011bz mal\u00e9ho rozsahu, u&nbsp;nich\u017e p\u0159i&nbsp;poskytov\u00e1n\u00ed platebn\u00edch slu\u017eeb nebo vyd\u00e1v\u00e1n\u00ed elektronick\u00fdch pen\u011bz doch\u00e1z\u00ed k&nbsp;vracen\u00ed p\u0159ijat\u00fdch bankovek nebo minc\u00ed do&nbsp;ob\u011bhu) p\u0159i&nbsp;zpracov\u00e1n\u00ed tuzemsk\u00fdch bankovek a&nbsp;minc\u00ed posuzuj\u00ed jejich pravost nebo vracej\u00ed p\u0159ijat\u00e9 bankovky nebo mince do&nbsp;ob\u011bhu.&nbsp;Tyto osoby z\u00edsk\u00e1vaj\u00ed po&nbsp;\u00fasp\u011b\u0161n\u00e9m absolvov\u00e1n\u00ed kurzu k&nbsp;v\u00fd\u0161e uveden\u00e9 \u010dinnosti nutn\u00e9.&nbsp;K&nbsp;po\u0159\u00e1d\u00e1n\u00ed t\u011bchto kurz\u016f bylo firm\u011b Karto&nbsp;K spol.&nbsp;s&nbsp;r.o. vyd\u00e1no \u010ceskou n\u00e1rodn\u00ed bankou <a href=\" http:\/\/www.karto-k.eu\/?page_id=186\">pov\u011b\u0159en\u00ed<\/a>. Karto K spol. s r.o. je&nbsp;schopna se&nbsp;sv\u00fdm <a href=\"http:\/\/www.karto-k.eu\/?page_id=193\">t\u00fdmem lektor\u016f<\/a> pro\u0161kolit Va\u0161e pracovn\u00edky.&nbsp;V&nbsp;p\u0159\u00edpad\u011b Va\u0161eho z\u00e1jmu o&nbsp;\u00fa\u010dast na&nbsp;v\u00fd\u0161e uveden\u00e9m kurzu pokra\u010dujte na&nbsp;<a href=\"http:\/\/www.karto-k.eu\/?page_id=103\">organizace kurz\u016f<\/a>.<\/td><\/tr><\/tbody><\/table><\/figure>\n<\/div><\/div>\n\n\n\n<p><\/p>\n","protected":false},"excerpt":{"rendered":"<p>Je ur\u010den\u00fd pro osoby (viz. platn\u00e1 legislativa), kter\u00e9 u&nbsp;osob sm\u011bn\u00e1rn\u00edk, kter\u00fd prov\u00e1d\u00ed sm\u011bn\u00e1rensk\u00e9 obchody pouze mezi m\u011bnami \u010desk\u00e1 koruna, euro, americk\u00fd dolar, britsk\u00e1 libra nebo japonsk\u00fd jen, provozovatel kasina, dr\u017eitel po\u0161tovn\u00ed licence nebo zvl\u00e1\u0161tn\u00ed po\u0161tovn\u00ed licence podle z\u00e1kona o&nbsp;po\u0161tovn\u00edch slu\u017eb\u00e1ch, a&nbsp;d\u00e1le platebn\u00ed instituce, poskytovatel platebn\u00edch slu\u017eeb mal\u00e9ho rozsahu, instituce elektronick\u00fdch pen\u011bz a&nbsp;vydavatel elektronick\u00fdch pen\u011bz mal\u00e9ho &hellip; <\/p>\n<p class=\"link-more\"><a href=\"https:\/\/www.karto-k.eu\/?page_id=95\" class=\"more-link\">Pokra\u010dovat ve \u010dten\u00ed<span class=\"screen-reader-text\"> &#8222;Odborn\u00e9 kurzy dle z\u00e1kona \u010d.136\/2011 Sb.&#8220;<\/span><\/a><\/p>\n","protected":false},"author":1,"featured_media":0,"parent":28,"menu_order":0,"comment_status":"closed","ping_status":"closed","template":"","meta":{"footnotes":""},"class_list":["post-95","page","type-page","status-publish","hentry"],"_links":{"self":[{"href":"https:\/\/www.karto-k.eu\/index.php?rest_route=\/wp\/v2\/pages\/95","targetHints":{"allow":["GET"]}}],"collection":[{"href":"https:\/\/www.karto-k.eu\/index.php?rest_route=\/wp\/v2\/pages"}],"about":[{"href":"https:\/\/www.karto-k.eu\/index.php?rest_route=\/wp\/v2\/types\/page"}],"author":[{"embeddable":true,"href":"https:\/\/www.karto-k.eu\/index.php?rest_route=\/wp\/v2\/users\/1"}],"replies":[{"embeddable":true,"href":"https:\/\/www.karto-k.eu\/index.php?rest_route=%2Fwp%2Fv2%2Fcomments&post=95"}],"version-history":[{"count":35,"href":"https:\/\/www.karto-k.eu\/index.php?rest_route=\/wp\/v2\/pages\/95\/revisions"}],"predecessor-version":[{"id":523,"href":"https:\/\/www.karto-k.eu\/index.php?rest_route=\/wp\/v2\/pages\/95\/revisions\/523"}],"up":[{"embeddable":true,"href":"https:\/\/www.karto-k.eu\/index.php?rest_route=\/wp\/v2\/pages\/28"}],"wp:attachment":[{"href":"https:\/\/www.karto-k.eu\/index.php?rest_route=%2Fwp%2Fv2%2Fmedia&parent=95"}],"curies":[{"name":"wp","href":"https:\/\/api.w.org\/{rel}","templated":true}]}}