{"id":547,"date":"2021-08-10T09:07:14","date_gmt":"2021-08-10T09:07:14","guid":{"rendered":"https:\/\/www.karto-k.eu\/?page_id=547"},"modified":"2024-01-30T07:59:48","modified_gmt":"2024-01-30T07:59:48","slug":"seznam-statu-on-line","status":"publish","type":"page","link":"https:\/\/www.karto-k.eu\/?page_id=547","title":{"rendered":"Seznam st\u00e1t\u016f a varianty licenc\u00ed &#8211; On line"},"content":{"rendered":"\n<figure id=\"tabulka1\" class=\"wp-block-table is-style-stripes\"><table class=\"has-light-green-cyan-background-color has-background\"><tbody><tr><td class=\"has-text-align-center\" data-align=\"center\"><\/td><td><strong><em><a name=\"\"><\/a>Tabulka \u010d. 1<\/em><\/strong><\/td><td><\/td><td><\/td><td><\/td><td><\/td><\/tr><tr><td class=\"has-text-align-center\" data-align=\"center\"><strong>Po\u0159ad\u00ed<\/strong><\/td><td><strong>Zem\u011b<\/strong><\/td><td><strong>ISO<\/strong><\/td><td><strong>Bankovky<\/strong><\/td><td><strong>Mince<\/strong><\/td><td><strong>Pozn\u00e1mka<\/strong><\/td><\/tr><tr><td class=\"has-text-align-center\" data-align=\"center\">1<\/td><td>Anglie<\/td><td>GBP<\/td><td>Ano<\/td><td>Ano<\/td><td>obsahuje i pam\u011btn\u00ed mince<\/td><\/tr><tr><td class=\"has-text-align-center\" data-align=\"center\">2<\/td><td>Austr\u00e1lie<\/td><td>AUD<\/td><td>Ano<\/td><td>Ne<\/td><td>&nbsp;<\/td><\/tr><tr><td class=\"has-text-align-center\" data-align=\"center\">3<\/td><td>Belgie<\/td><td>BEF<\/td><td>Ano<\/td><td>Ne<\/td><td>v&nbsp;prekluzi, nahrazen\u00e9 m\u011bnou Euro<\/td><\/tr><tr><td class=\"has-text-align-center\" data-align=\"center\">4<\/td><td>Bulharsko<\/td><td>BGN<\/td><td>Ano<\/td><td>Ne<\/td><td>&nbsp;<\/td><\/tr><tr><td class=\"has-text-align-center\" data-align=\"center\">5<\/td><td>\u010cesk\u00e1 republika<\/td><td>CZK<\/td><td>Ano<\/td><td>Ano<\/td><td>obsahuje i pam\u011btn\u00ed mince<\/td><\/tr><tr><td class=\"has-text-align-center\" data-align=\"center\">6<\/td><td>D\u00e1nsko<\/td><td>DKK<\/td><td>Ano<\/td><td>Ne<\/td><td>&nbsp;<\/td><\/tr><tr><td class=\"has-text-align-center\" data-align=\"center\">7<\/td><td>Estonsko<\/td><td>EEK<\/td><td>Ano<\/td><td>Ne<\/td><td>v prekluzi, nahrazen\u00e9 m\u011bnou Euro<\/td><\/tr><tr><td class=\"has-text-align-center\" data-align=\"center\">8<\/td><td>Evropsk\u00e1 m\u011bnov\u00e1 unie<\/td><td>EUR<\/td><td>Ano<\/td><td>Ano<\/td><td>obsahuje i pam\u011btn\u00ed ob\u011b\u017en\u00e9 mince *<\/td><\/tr><tr><td class=\"has-text-align-center\" data-align=\"center\">9<\/td><td>Finsko<\/td><td>FIM<\/td><td>Ano<\/td><td>Ano<\/td><td>v&nbsp;prekluzi, nahrazen\u00e9 m\u011bnou Euro<\/td><\/tr><tr><td class=\"has-text-align-center\" data-align=\"center\">10<\/td><td>Francie<\/td><td>FRF<\/td><td>Ano<\/td><td>Ne<\/td><td>v&nbsp;prekluzi, nahrazen\u00e9 m\u011bnou Euro<\/td><\/tr><tr><td class=\"has-text-align-center\" data-align=\"center\">11<\/td><td>Chorvatsko<\/td><td>HRK<\/td><td>Ano<\/td><td>Ano<\/td><td>&nbsp;<\/td><\/tr><tr><td class=\"has-text-align-center\" data-align=\"center\">12<\/td><td>Irsko<\/td><td>IEP<\/td><td>Ano<\/td><td>Ne<\/td><td>v&nbsp;prekluzi, nahrazen\u00e9 m\u011bnou Euro<\/td><\/tr><tr><td class=\"has-text-align-center\" data-align=\"center\">13<\/td><td>It\u00e1lie<\/td><td>ITL<\/td><td>Ano<\/td><td>Ne<\/td><td>v&nbsp;prekluzi, nahrazen\u00e9 m\u011bnou Euro<\/td><\/tr><tr><td class=\"has-text-align-center\" data-align=\"center\">14<\/td><td>Japonsko<\/td><td>JPY<\/td><td>Ano<\/td><td>Ne<\/td><td>&nbsp;<\/td><\/tr><tr><td class=\"has-text-align-center\" data-align=\"center\">15<\/td><td>Kanada<\/td><td>CAD<\/td><td>Ano<\/td><td>Ne<\/td><td>&nbsp;<\/td><\/tr><tr><td class=\"has-text-align-center\" data-align=\"center\">16<\/td><td>Kypr<\/td><td>CYP<\/td><td>Ano<\/td><td>Ne<\/td><td>v&nbsp;prekluzi, nahrazen\u00e9 m\u011bnou Euro<\/td><\/tr><tr><td class=\"has-text-align-center\" data-align=\"center\">17<\/td><td>Litva<\/td><td>LTL<\/td><td>Ano<\/td><td>Ne<\/td><td>&nbsp;<\/td><\/tr><tr><td class=\"has-text-align-center\" data-align=\"center\">18<\/td><td>Lucembursko<\/td><td>LUF<\/td><td>Ano<\/td><td>Ne<\/td><td>v&nbsp;prekluzi, nahrazen\u00e9 m\u011bnou Euro<\/td><\/tr><tr><td class=\"has-text-align-center\" data-align=\"center\">19<\/td><td>Ma\u010farsko<\/td><td>HUF<\/td><td>Ano<\/td><td>Ne<\/td><td>&nbsp;<\/td><\/tr><tr><td class=\"has-text-align-center\" data-align=\"center\">20<\/td><td>Malta<\/td><td>MLT<\/td><td>Ano<\/td><td>Ne<\/td><td>v&nbsp;prekluzi, nahrazen\u00e9 m\u011bnou Euro<\/td><\/tr><tr><td class=\"has-text-align-center\" data-align=\"center\">21<\/td><td>N\u011bmecko<\/td><td>DEM<\/td><td>Ano<\/td><td>Ano<\/td><td>v&nbsp;prekluzi, nahrazen\u00e9 m\u011bnou Euro<\/td><\/tr><tr><td class=\"has-text-align-center\" data-align=\"center\">22<\/td><td>Nizozemsko<\/td><td>NLG<\/td><td>Ano<\/td><td>Ne<\/td><td>v&nbsp;prekluzi, nahrazen\u00e9 m\u011bnou Euro<\/td><\/tr><tr><td class=\"has-text-align-center\" data-align=\"center\">23<\/td><td>Norsko<\/td><td>NOK<\/td><td>Ano<\/td><td>Ne<\/td><td>&nbsp;<\/td><\/tr><tr><td class=\"has-text-align-center\" data-align=\"center\">24<\/td><td>Nov\u00fd Z\u00e9land<\/td><td>NZD<\/td><td>Ano<\/td><td>Ne<\/td><td>&nbsp;<\/td><\/tr><tr><td class=\"has-text-align-center\" data-align=\"center\">25<\/td><td>Polsko<\/td><td>PLN<\/td><td>Ano<\/td><td>Ne<\/td><td>&nbsp;<\/td><\/tr><tr><td class=\"has-text-align-center\" data-align=\"center\">26<\/td><td>Portugalsko<\/td><td>PTE<\/td><td>Ano<\/td><td>Ne<\/td><td>v&nbsp;prekluzi, nahrazen\u00e9 m\u011bnou Euro<\/td><\/tr><tr><td class=\"has-text-align-center\" data-align=\"center\">27<\/td><td>Rakousko<\/td><td>ATS<\/td><td>Ano<\/td><td>Ano<\/td><td>v&nbsp;prekluzi, nahrazen\u00e9 m\u011bnou Euro<\/td><\/tr><tr><td class=\"has-text-align-center\" data-align=\"center\">28<\/td><td>Rumunsko<\/td><td>RON<\/td><td>Ano<\/td><td>Ne<\/td><td>&nbsp;<\/td><\/tr><tr><td class=\"has-text-align-center\" data-align=\"center\">29<\/td><td>\u0158ecko<\/td><td>GRD<\/td><td>Ano<\/td><td>Ne<\/td><td>v&nbsp;prekluzi, nahrazen\u00e9 m\u011bnou Euro<\/td><\/tr><tr><td class=\"has-text-align-center\" data-align=\"center\">30<\/td><td>Slovensko<\/td><td>SKK<\/td><td>Ano<\/td><td>Ano<\/td><td>v prekluzi, nahrazen\u00e9 m\u011bnou Euro<\/td><\/tr><tr><td class=\"has-text-align-center\" data-align=\"center\">31<\/td><td>Slovinsko<\/td><td>SIT<\/td><td>Ano<\/td><td>Ano<\/td><td>v&nbsp;prekluzi, nahrazen\u00e9 m\u011bnou Euro<\/td><\/tr><tr><td class=\"has-text-align-center\" data-align=\"center\">32<\/td><td>\u0160pan\u011blsko<\/td><td>ESP<\/td><td>Ano<\/td><td>Ano<\/td><td>v&nbsp;prekluzi, nahrazen\u00e9 m\u011bnou Euro<\/td><\/tr><tr><td class=\"has-text-align-center\" data-align=\"center\">33<\/td><td>\u0160v\u00e9dsko<\/td><td>SEK<\/td><td>Ano<\/td><td>Ne<\/td><td>&nbsp;<\/td><\/tr><tr><td class=\"has-text-align-center\" data-align=\"center\">34<\/td><td>\u0160v\u00fdcarsko<\/td><td>CHF<\/td><td>Ano<\/td><td>Ne<\/td><td>&nbsp;<\/td><\/tr><tr><td class=\"has-text-align-center\" data-align=\"center\">35<\/td><td>Spojen\u00e9 st\u00e1ty americk\u00e9<\/td><td>USD<\/td><td>Ano<\/td><td>Ne<\/td><td>&nbsp;<\/td><\/tr><\/tbody><\/table><figcaption class=\"wp-element-caption\"><em>*&nbsp;&nbsp;&nbsp;&nbsp;&nbsp;Ka\u017ed\u00fd st\u00e1t Eurosyst\u00e9mu m\u016f\u017ee zpravidla jednou ro\u010dn\u011b vydat ob\u011b\u017en\u00e9 pam\u011btn\u00ed mince v&nbsp;hodnot\u011b 2&nbsp;EUR. Tyto mince maj\u00ed stejn\u00e9 znaky a&nbsp;vlastnosti jako ostatn\u00ed 2&nbsp;EUR mince, ale li\u0161\u00ed se pam\u011btn\u00edm motivem vyra\u017een\u00fdm na&nbsp;n\u00e1rodn\u00ed stran\u011b. Nomin\u00e1ln\u00ed hodnota ob\u011b\u017en\u00fdch pam\u011btn\u00edch minc\u00ed je v\u017edy 2&nbsp;EUR a&nbsp;tyto mince jsou z\u00e1konn\u00fdm platidlem v&nbsp;cel\u00e9 euroz\u00f3n\u011b. Lze je tedy pou\u017e\u00edvat jako v\u0161echny ostatn\u00ed euromince a&nbsp;jsou tak i&nbsp;p\u0159ij\u00edm\u00e1ny.<\/em><\/figcaption><\/figure>\n\n\n\n<figure id=\"tabulka2\" class=\"wp-block-table is-style-stripes\"><table class=\"has-light-green-cyan-background-color has-background\"><tbody><tr><td class=\"has-text-align-center\" data-align=\"center\"><\/td><td><strong><em>Tabulka \u010d. 2<\/em><\/strong><\/td><td><\/td><td><\/td><td><\/td><td><\/td><\/tr><tr><td class=\"has-text-align-center\" data-align=\"center\"><strong>Po\u0159ad\u00ed<\/strong><\/td><td><strong>Zem\u011b<\/strong><\/td><td><strong>ISO<\/strong><\/td><td><strong>Bankovky<\/strong><\/td><td><strong>Mince<\/strong><\/td><td><strong>Pozn\u00e1mka<\/strong><\/td><\/tr><tr><td class=\"has-text-align-center\" data-align=\"center\">1<\/td><td>Gruzie<\/td><td>GEL<\/td><td>Ano<\/td><td>Ne<\/td><td><\/td><\/tr><tr><td class=\"has-text-align-center\" data-align=\"center\">2<\/td><td>Izrael<\/td><td>ILS<\/td><td>Ano<\/td><td>Ne<\/td><td>&nbsp;<\/td><\/tr><tr><td class=\"has-text-align-center\" data-align=\"center\">3<\/td><td>Rusko<\/td><td>RUB<\/td><td>Ano<\/td><td>Ne<\/td><td><\/td><\/tr><tr><td class=\"has-text-align-center\" data-align=\"center\">4<\/td><td>Srbsko<\/td><td>RSD<\/td><td>Ano<\/td><td>Ne<\/td><td>&nbsp;<\/td><\/tr><tr><td class=\"has-text-align-center\" data-align=\"center\">5<\/td><td>Turecko<\/td><td>TRY<\/td><td>Ano<\/td><td>Ne<\/td><td><\/td><\/tr><tr><td class=\"has-text-align-center\" data-align=\"center\">6<\/td><td>Ukrajina<\/td><td>UAH<\/td><td>Ano<\/td><td>Ne<\/td><td>&nbsp;<\/td><\/tr><\/tbody><\/table><figcaption class=\"wp-element-caption\"><em>V tabulce \u010d. 2 uveden\u00e9 m\u011bny (i jednotliv\u011b) je mo\u017en\u00e9 d\u00e1le objednat jako individu\u00e1ln\u00ed licenci za p\u0159\u00edplatek<\/em><\/figcaption><\/figure>\n\n\n\n<figure class=\"wp-block-table is-style-stripes\"><table class=\"has-light-green-cyan-background-color has-background\"><tbody><tr><td class=\"has-text-align-center\" data-align=\"center\"><\/td><td><strong>Varianty licenc\u00ed (pakety) KP online<\/strong><\/td><\/tr><tr><td class=\"has-text-align-center\" data-align=\"center\"><strong>Licence (paket)<\/strong><\/td><td><strong>St\u00e1ty zahrnuj\u00edc\u00ed licence (paket)<\/strong><\/td><\/tr><tr><td class=\"has-text-align-center\" data-align=\"center\">Komplet<\/td><td>35 st\u00e1t\u016f &#8211; viz <a href=\"#tabulka1\" data-type=\"page\" data-id=\"547\">tabulka \u010d. 1<\/a> v\u00fd\u0161e<\/td><\/tr><tr><td class=\"has-text-align-center\" data-align=\"center\">1<\/td><td>CZK<\/td><\/tr><tr><td class=\"has-text-align-center\" data-align=\"center\">2<\/td><td>CZK, EUR<\/td><\/tr><tr><td class=\"has-text-align-center\" data-align=\"center\">3<\/td><td>CZK, EUR, USD<\/td><\/tr><tr><td class=\"has-text-align-center\" data-align=\"center\">4<\/td><td>CZK, EUR, USD, GBP<\/td><\/tr><tr><td class=\"has-text-align-center\" data-align=\"center\">5<\/td><td>CZK, EUR, USD, GBP, CHF<\/td><\/tr><tr><td class=\"has-text-align-center\" data-align=\"center\">6<\/td><td>CZK, EUR, USD, GBP, JPY<\/td><\/tr><tr><td class=\"has-text-align-center\" data-align=\"center\">Individu\u00e1ln\u00ed<\/td><td>Jak\u00e1koliv individu\u00e1ln\u00ed kombinace st\u00e1t\u016f z <a href=\"#tabulka1\">tabulky \u010d. 1<\/a>, p\u0159\u00edpadn\u011b <a href=\"#tabulka2\">tabulky \u010d. 2<\/a><\/td><\/tr><\/tbody><\/table><\/figure>\n\n\n\n<p><a href=\"https:\/\/www.karto-k.eu\/?page_id=544\" data-type=\"page\" data-id=\"544\">Zp\u011bt na Kartot\u00e9ka platidel On line<\/a><\/p>\n\n\n\n<div class=\"wp-block-columns is-layout-flex wp-container-core-columns-is-layout-9d6595d7 wp-block-columns-is-layout-flex\">\n<div class=\"wp-block-column is-layout-flow wp-block-column-is-layout-flow\"><\/div>\n<\/div>\n\n\n\n<p><\/p>\n","protected":false},"excerpt":{"rendered":"<p>Tabulka \u010d. 1 Po\u0159ad\u00ed Zem\u011b ISO Bankovky Mince Pozn\u00e1mka 1 Anglie GBP Ano Ano obsahuje i pam\u011btn\u00ed mince 2 Austr\u00e1lie AUD Ano Ne &nbsp; 3 Belgie BEF Ano Ne v&nbsp;prekluzi, nahrazen\u00e9 m\u011bnou Euro 4 Bulharsko BGN Ano Ne &nbsp; 5 \u010cesk\u00e1 republika CZK Ano Ano obsahuje i pam\u011btn\u00ed mince 6 D\u00e1nsko DKK Ano Ne &nbsp; &hellip; <\/p>\n<p class=\"link-more\"><a href=\"https:\/\/www.karto-k.eu\/?page_id=547\" class=\"more-link\">Pokra\u010dovat ve \u010dten\u00ed<span class=\"screen-reader-text\"> &#8222;Seznam st\u00e1t\u016f a varianty licenc\u00ed &#8211; On line&#8220;<\/span><\/a><\/p>\n","protected":false},"author":1,"featured_media":0,"parent":0,"menu_order":0,"comment_status":"closed","ping_status":"closed","template":"","meta":{"footnotes":""},"class_list":["post-547","page","type-page","status-publish","hentry"],"_links":{"self":[{"href":"https:\/\/www.karto-k.eu\/index.php?rest_route=\/wp\/v2\/pages\/547","targetHints":{"allow":["GET"]}}],"collection":[{"href":"https:\/\/www.karto-k.eu\/index.php?rest_route=\/wp\/v2\/pages"}],"about":[{"href":"https:\/\/www.karto-k.eu\/index.php?rest_route=\/wp\/v2\/types\/page"}],"author":[{"embeddable":true,"href":"https:\/\/www.karto-k.eu\/index.php?rest_route=\/wp\/v2\/users\/1"}],"replies":[{"embeddable":true,"href":"https:\/\/www.karto-k.eu\/index.php?rest_route=%2Fwp%2Fv2%2Fcomments&post=547"}],"version-history":[{"count":72,"href":"https:\/\/www.karto-k.eu\/index.php?rest_route=\/wp\/v2\/pages\/547\/revisions"}],"predecessor-version":[{"id":788,"href":"https:\/\/www.karto-k.eu\/index.php?rest_route=\/wp\/v2\/pages\/547\/revisions\/788"}],"wp:attachment":[{"href":"https:\/\/www.karto-k.eu\/index.php?rest_route=%2Fwp%2Fv2%2Fmedia&parent=547"}],"curies":[{"name":"wp","href":"https:\/\/api.w.org\/{rel}","templated":true}]}}