{"id":247,"date":"2020-02-10T15:24:25","date_gmt":"2020-02-10T15:24:25","guid":{"rendered":"https:\/\/www.karto-k.eu\/?page_id=247"},"modified":"2021-08-10T09:45:04","modified_gmt":"2021-08-10T09:45:04","slug":"stornovaci-podminky","status":"publish","type":"page","link":"https:\/\/www.karto-k.eu\/?page_id=247","title":{"rendered":"Stornovac\u00ed podm\u00ednky"},"content":{"rendered":"\n<figure class=\"wp-block-table\"><table><tbody><tr><td>je v\u017edy postupov\u00e1no dle dokumentu <a rel=\"noreferrer noopener\" aria-label=\"\u201eStornovac\u00ed podm\u00ednky kurz\u016f o&nbsp;rozpozn\u00e1v\u00e1n\u00ed bankovek a&nbsp;minc\u00ed podez\u0159el\u00fdch z&nbsp;pad\u011bl\u00e1n\u00ed nebo pozm\u011b\u0148ov\u00e1n\u00ed - kurzy dle \u00a7&nbsp;33, odst.&nbsp;3, p\u00edsm.&nbsp;c), z\u00e1kona \u010d.&nbsp;136\/2011&nbsp;Sb.\u201c (otev\u0159e se na nov\u00e9 z\u00e1lo\u017ece)\" href=\"http:\/\/www.karto-k.eu\/wp-content\/uploads\/2020\/02\/Stornovac\u00ed_podm\u00ednky_kurz\u016f_136_2011.pdf\" target=\"_blank\">\u201eStornovac\u00ed podm\u00ednky kurz\u016f o&nbsp;rozpozn\u00e1v\u00e1n\u00ed bankovek a&nbsp;minc\u00ed podez\u0159el\u00fdch z&nbsp;pad\u011bl\u00e1n\u00ed nebo pozm\u011b\u0148ov\u00e1n\u00ed &#8211; kurzy dle \u00a7&nbsp;33, odst.&nbsp;3, p\u00edsm.&nbsp;c), z\u00e1kona \u010d.&nbsp;136\/2011&nbsp;Sb.\u201c<\/a><br><br>Pro odhl\u00e1\u0161en\u00ed \u00fa\u010dastn\u00edka&nbsp;(-\u016f) vypl\u0148te pros\u00edm:<br><br>&nbsp;&#8211;&nbsp;<a rel=\"noreferrer noopener\" aria-label=\" (otev\u0159e se na nov\u00e9 z\u00e1lo\u017ece)\" href=\"http:\/\/www.karto-k.eu\/wp-content\/uploads\/2020\/02\/FO_KA_2.pdf\" target=\"_blank\">\u017e\u00e1dost o&nbsp;vy\u0159azen\u00ed osob&nbsp;(-y) z&nbsp;kurzu<\/a> ve form\u00e1tu PDF<br>    nebo<br> &#8211;&nbsp;<a rel=\"noreferrer noopener\" aria-label=\" (otev\u0159e se na nov\u00e9 z\u00e1lo\u017ece)\" href=\"http:\/\/www.karto-k.eu\/wp-content\/uploads\/2020\/02\/FO_KA_2.doc\" target=\"_blank\">\u017e\u00e1dost o&nbsp;vy\u0159azen\u00ed osob&nbsp;(-y) z&nbsp;kurzu<\/a> ve form\u00e1tu DOC<\/td><\/tr><\/tbody><\/table><\/figure>\n\n\n\n<p><a href=\"https:\/\/www.karto-k.eu\/?page_id=103\" data-type=\"page\" data-id=\"103\">Zp\u011bt na Organizace kurz\u016f<\/a><\/p>\n","protected":false},"excerpt":{"rendered":"<p>je v\u017edy postupov\u00e1no dle dokumentu \u201eStornovac\u00ed podm\u00ednky kurz\u016f o&nbsp;rozpozn\u00e1v\u00e1n\u00ed bankovek a&nbsp;minc\u00ed podez\u0159el\u00fdch z&nbsp;pad\u011bl\u00e1n\u00ed nebo pozm\u011b\u0148ov\u00e1n\u00ed &#8211; kurzy dle \u00a7&nbsp;33, odst.&nbsp;3, p\u00edsm.&nbsp;c), z\u00e1kona \u010d.&nbsp;136\/2011&nbsp;Sb.\u201c Pro odhl\u00e1\u0161en\u00ed \u00fa\u010dastn\u00edka&nbsp;(-\u016f) vypl\u0148te pros\u00edm: &nbsp;&#8211;&nbsp;\u017e\u00e1dost o&nbsp;vy\u0159azen\u00ed osob&nbsp;(-y) z&nbsp;kurzu ve form\u00e1tu PDF nebo &#8211;&nbsp;\u017e\u00e1dost o&nbsp;vy\u0159azen\u00ed osob&nbsp;(-y) z&nbsp;kurzu ve form\u00e1tu DOC Zp\u011bt na Organizace kurz\u016f<\/p>\n","protected":false},"author":1,"featured_media":0,"parent":0,"menu_order":0,"comment_status":"closed","ping_status":"closed","template":"","meta":{"footnotes":""},"class_list":["post-247","page","type-page","status-publish","hentry"],"_links":{"self":[{"href":"https:\/\/www.karto-k.eu\/index.php?rest_route=\/wp\/v2\/pages\/247","targetHints":{"allow":["GET"]}}],"collection":[{"href":"https:\/\/www.karto-k.eu\/index.php?rest_route=\/wp\/v2\/pages"}],"about":[{"href":"https:\/\/www.karto-k.eu\/index.php?rest_route=\/wp\/v2\/types\/page"}],"author":[{"embeddable":true,"href":"https:\/\/www.karto-k.eu\/index.php?rest_route=\/wp\/v2\/users\/1"}],"replies":[{"embeddable":true,"href":"https:\/\/www.karto-k.eu\/index.php?rest_route=%2Fwp%2Fv2%2Fcomments&post=247"}],"version-history":[{"count":6,"href":"https:\/\/www.karto-k.eu\/index.php?rest_route=\/wp\/v2\/pages\/247\/revisions"}],"predecessor-version":[{"id":571,"href":"https:\/\/www.karto-k.eu\/index.php?rest_route=\/wp\/v2\/pages\/247\/revisions\/571"}],"wp:attachment":[{"href":"https:\/\/www.karto-k.eu\/index.php?rest_route=%2Fwp%2Fv2%2Fmedia&parent=247"}],"curies":[{"name":"wp","href":"https:\/\/api.w.org\/{rel}","templated":true}]}}