{"id":193,"date":"2020-02-10T12:37:03","date_gmt":"2020-02-10T12:37:03","guid":{"rendered":"https:\/\/www.karto-k.eu\/?page_id=193"},"modified":"2022-07-15T07:20:01","modified_gmt":"2022-07-15T07:20:01","slug":"tym-lektoru","status":"publish","type":"page","link":"https:\/\/www.karto-k.eu\/?page_id=193","title":{"rendered":"T\u00fdm lektor\u016f"},"content":{"rendered":"\n<figure class=\"wp-block-table\"><table class=\"\" style=\"text-align: justify;\"><tbody><tr><td>Kurz po\u0159\u00e1dan\u00fd pov\u011b\u0159enou osobou m\u016f\u017ee lektorsky v\u00e9st pouze osoba, kter\u00e1 \u00fasp\u011b\u0161n\u011b absolvovala kurz v&nbsp;\u010cNB dle z\u00e1kona \u010d.136\/2011 \u00a7&nbsp;33 podle odstavce 3&nbsp;p\u00edsm.&nbsp;a). Spole\u010dnost KARTO K spol. s r.o. jako \u201epov\u011b\u0159en\u00e1 osoba\u201c na&nbsp;z\u00e1klad\u011b po\u017eadavku z\u00e1kona \u010d.136\/2011, \u00a7&nbsp;33, odstavec 3&nbsp;p\u00edsm.&nbsp;a). vyu\u017e\u00edv\u00e1 p\u0159i&nbsp;po\u0159\u00e1d\u00e1n\u00ed kurz\u016f lektory, kte\u0159\u00ed \u00fasp\u011b\u0161n\u011b absolvovali kurz v&nbsp;\u010cNB dle z\u00e1kona \u010d.136\/2011 \u00a7&nbsp;33 podle odstavce 3&nbsp;p\u00edsm.&nbsp;a) a&nbsp;n\u00e1sledn\u011b se&nbsp;stali dr\u017eiteli \u201eosv\u011bd\u010den\u00ed\u201c pro&nbsp;osoby, kter\u00e9 mohou lektorsky odborn\u00e9 kurzy v\u00e9st.&nbsp;Seznam lektor\u016f opr\u00e1vn\u011bn\u00fdch v\u00e9st odborn\u00fd kurz pro&nbsp;spole\u010dnost KARTO&nbsp;K spol.&nbsp;s&nbsp;r.o. podle \u00a7&nbsp;33 odst.&nbsp;3 p\u00edsm.&nbsp;c) z\u00e1kona \u010d.&nbsp;136\/2011&nbsp;Sb.<\/td><\/tr><\/tbody><\/table><\/figure>\n\n\n\n<figure class=\"wp-block-gallery columns-2 is-cropped wp-block-gallery-1 is-layout-flex wp-block-gallery-is-layout-flex\"><ul class=\"blocks-gallery-grid\"><li class=\"blocks-gallery-item\"><figure><img loading=\"lazy\" decoding=\"async\" width=\"336\" height=\"239\" src=\"http:\/\/www.karto-k.eu\/wp-content\/uploads\/2020\/02\/Lektor-Bussa-Vladimir-Lic.jpg\" alt=\"\" data-id=\"161\" data-full-url=\"http:\/\/www.karto-k.eu\/wp-content\/uploads\/2020\/02\/Lektor-Bussa-Vladimir-Lic.jpg\" data-link=\"http:\/\/www.karto-k.eu\/lektor-bussa-vladimir-lic\/\" class=\"wp-image-161\" srcset=\"https:\/\/www.karto-k.eu\/wp-content\/uploads\/2020\/02\/Lektor-Bussa-Vladimir-Lic.jpg 336w, https:\/\/www.karto-k.eu\/wp-content\/uploads\/2020\/02\/Lektor-Bussa-Vladimir-Lic-300x213.jpg 300w\" sizes=\"auto, (max-width: 336px) 100vw, 336px\" \/><figcaption class=\"blocks-gallery-item__caption\">Ing. Vladim\u00edr Bu\u0161\u0161a<\/figcaption><\/figure><\/li><li class=\"blocks-gallery-item\"><figure><img loading=\"lazy\" decoding=\"async\" width=\"336\" height=\"239\" src=\"http:\/\/www.karto-k.eu\/wp-content\/uploads\/2020\/02\/Lektor-Bussa-Vladimir-Rub.jpg\" alt=\"\" data-id=\"162\" data-full-url=\"http:\/\/www.karto-k.eu\/wp-content\/uploads\/2020\/02\/Lektor-Bussa-Vladimir-Rub.jpg\" data-link=\"http:\/\/www.karto-k.eu\/lektor-bussa-vladimir-rub\/\" class=\"wp-image-162\" srcset=\"https:\/\/www.karto-k.eu\/wp-content\/uploads\/2020\/02\/Lektor-Bussa-Vladimir-Rub.jpg 336w, https:\/\/www.karto-k.eu\/wp-content\/uploads\/2020\/02\/Lektor-Bussa-Vladimir-Rub-300x213.jpg 300w\" sizes=\"auto, (max-width: 336px) 100vw, 336px\" \/><figcaption class=\"blocks-gallery-item__caption\">Ing. Vladim\u00edr Bu\u0161\u0161a<\/figcaption><\/figure><\/li><li class=\"blocks-gallery-item\"><figure><img loading=\"lazy\" decoding=\"async\" width=\"336\" height=\"239\" src=\"http:\/\/www.karto-k.eu\/wp-content\/uploads\/2020\/02\/Lektor-Litera-Ales-Lic.jpg\" alt=\"\" data-id=\"163\" data-full-url=\"http:\/\/www.karto-k.eu\/wp-content\/uploads\/2020\/02\/Lektor-Litera-Ales-Lic.jpg\" data-link=\"http:\/\/www.karto-k.eu\/lektor-litera-ales-lic\/\" class=\"wp-image-163\" srcset=\"https:\/\/www.karto-k.eu\/wp-content\/uploads\/2020\/02\/Lektor-Litera-Ales-Lic.jpg 336w, https:\/\/www.karto-k.eu\/wp-content\/uploads\/2020\/02\/Lektor-Litera-Ales-Lic-300x213.jpg 300w\" sizes=\"auto, (max-width: 336px) 100vw, 336px\" \/><figcaption class=\"blocks-gallery-item__caption\">Ale\u0161 Litera<\/figcaption><\/figure><\/li><li class=\"blocks-gallery-item\"><figure><img loading=\"lazy\" decoding=\"async\" width=\"335\" height=\"237\" src=\"http:\/\/www.karto-k.eu\/wp-content\/uploads\/2020\/02\/Lektor-Litera-Ales-Rub.jpg\" alt=\"\" data-id=\"164\" data-full-url=\"http:\/\/www.karto-k.eu\/wp-content\/uploads\/2020\/02\/Lektor-Litera-Ales-Rub.jpg\" data-link=\"http:\/\/www.karto-k.eu\/lektor-litera-ales-rub\/\" class=\"wp-image-164\" srcset=\"https:\/\/www.karto-k.eu\/wp-content\/uploads\/2020\/02\/Lektor-Litera-Ales-Rub.jpg 335w, https:\/\/www.karto-k.eu\/wp-content\/uploads\/2020\/02\/Lektor-Litera-Ales-Rub-300x212.jpg 300w\" sizes=\"auto, (max-width: 335px) 100vw, 335px\" \/><figcaption class=\"blocks-gallery-item__caption\">Ale\u0161 Litera<\/figcaption><\/figure><\/li><\/ul><\/figure>\n","protected":false},"excerpt":{"rendered":"<p>Kurz po\u0159\u00e1dan\u00fd pov\u011b\u0159enou osobou m\u016f\u017ee lektorsky v\u00e9st pouze osoba, kter\u00e1 \u00fasp\u011b\u0161n\u011b absolvovala kurz v&nbsp;\u010cNB dle z\u00e1kona \u010d.136\/2011 \u00a7&nbsp;33 podle odstavce 3&nbsp;p\u00edsm.&nbsp;a). Spole\u010dnost KARTO K spol. s r.o. jako \u201epov\u011b\u0159en\u00e1 osoba\u201c na&nbsp;z\u00e1klad\u011b po\u017eadavku z\u00e1kona \u010d.136\/2011, \u00a7&nbsp;33, odstavec 3&nbsp;p\u00edsm.&nbsp;a). vyu\u017e\u00edv\u00e1 p\u0159i&nbsp;po\u0159\u00e1d\u00e1n\u00ed kurz\u016f lektory, kte\u0159\u00ed \u00fasp\u011b\u0161n\u011b absolvovali kurz v&nbsp;\u010cNB dle z\u00e1kona \u010d.136\/2011 \u00a7&nbsp;33 podle odstavce 3&nbsp;p\u00edsm.&nbsp;a) a&nbsp;n\u00e1sledn\u011b se&nbsp;stali &hellip; <\/p>\n<p class=\"link-more\"><a href=\"https:\/\/www.karto-k.eu\/?page_id=193\" class=\"more-link\">Pokra\u010dovat ve \u010dten\u00ed<span class=\"screen-reader-text\"> &#8222;T\u00fdm lektor\u016f&#8220;<\/span><\/a><\/p>\n","protected":false},"author":1,"featured_media":0,"parent":0,"menu_order":0,"comment_status":"closed","ping_status":"closed","template":"","meta":{"footnotes":""},"class_list":["post-193","page","type-page","status-publish","hentry"],"_links":{"self":[{"href":"https:\/\/www.karto-k.eu\/index.php?rest_route=\/wp\/v2\/pages\/193","targetHints":{"allow":["GET"]}}],"collection":[{"href":"https:\/\/www.karto-k.eu\/index.php?rest_route=\/wp\/v2\/pages"}],"about":[{"href":"https:\/\/www.karto-k.eu\/index.php?rest_route=\/wp\/v2\/types\/page"}],"author":[{"embeddable":true,"href":"https:\/\/www.karto-k.eu\/index.php?rest_route=\/wp\/v2\/users\/1"}],"replies":[{"embeddable":true,"href":"https:\/\/www.karto-k.eu\/index.php?rest_route=%2Fwp%2Fv2%2Fcomments&post=193"}],"version-history":[{"count":5,"href":"https:\/\/www.karto-k.eu\/index.php?rest_route=\/wp\/v2\/pages\/193\/revisions"}],"predecessor-version":[{"id":718,"href":"https:\/\/www.karto-k.eu\/index.php?rest_route=\/wp\/v2\/pages\/193\/revisions\/718"}],"wp:attachment":[{"href":"https:\/\/www.karto-k.eu\/index.php?rest_route=%2Fwp%2Fv2%2Fmedia&parent=193"}],"curies":[{"name":"wp","href":"https:\/\/api.w.org\/{rel}","templated":true}]}}