{"id":18,"date":"2020-02-09T15:27:13","date_gmt":"2020-02-09T15:27:13","guid":{"rendered":"https:\/\/www.karto-k.eu\/?page_id=18"},"modified":"2021-08-11T10:36:10","modified_gmt":"2021-08-11T10:36:10","slug":"domu","status":"publish","type":"page","link":"https:\/\/www.karto-k.eu\/","title":{"rendered":"V\u00edtejte &#8230;.."},"content":{"rendered":"\n<style type=\"text\/css\">\n.auto-style1 {\n\tvertical-align: middle;\n}\n<\/style>\n\n<p style=\"text-align: justify;\">\n<span style=\"\">\n&#8230;.. na str\u00e1nk\u00e1ch firmy \n<img loading=\"lazy\" decoding=\"async\" alt=\"\" class=\"auto-style1\" height=\"21\" src=\"http:\/\/www.karto-k.eu\/wp-content\/uploads\/2020\/02\/Logo_KartoK_Vineta_o\u0159ez_mal\u00fd.png\" width=\"100\"> \nspol. s r.o.<\/span><\/p>\n\n\n\n<p>Pot\u0159ebujete pou\u017e\u00edvat <strong><a href=\"http:\/\/www.karto-k.eu\/?page_id=21\" data-type=\"URL\" data-id=\"http:\/\/www.karto-k.eu\/?page_id=21\">Kartot\u00e9ku platidel<\/a><\/strong> pro svoji sm\u011bn\u00e1renskou \u010dinnost?<\/p>\n\n\n<p style=\"text-align: justify;\">Pot\u0159ebujete <strong><a href=\"http:\/\/www.karto-k.eu\/?page_id=28\">vy\u0161kolit<\/a><\/strong> zam\u011bstnance, aby dok\u00e1zali odhalit pad\u011blky bankovek, minc\u00ed,\u00a0 cestovn\u00edch \u0161ek\u016f, osobn\u00edch doklad\u016f?<\/p>\n\n\n<p>Jste tu spr\u00e1vn\u011b.<\/p>\n","protected":false},"excerpt":{"rendered":"<p>&#8230;.. na str\u00e1nk\u00e1ch firmy spol. s r.o. Pot\u0159ebujete pou\u017e\u00edvat Kartot\u00e9ku platidel pro svoji sm\u011bn\u00e1renskou \u010dinnost? Pot\u0159ebujete vy\u0161kolit zam\u011bstnance, aby dok\u00e1zali odhalit pad\u011blky bankovek, minc\u00ed,\u00a0 cestovn\u00edch \u0161ek\u016f, osobn\u00edch doklad\u016f? Jste tu spr\u00e1vn\u011b.<\/p>\n","protected":false},"author":1,"featured_media":0,"parent":0,"menu_order":0,"comment_status":"closed","ping_status":"closed","template":"","meta":{"footnotes":""},"class_list":["post-18","page","type-page","status-publish","hentry"],"_links":{"self":[{"href":"https:\/\/www.karto-k.eu\/index.php?rest_route=\/wp\/v2\/pages\/18","targetHints":{"allow":["GET"]}}],"collection":[{"href":"https:\/\/www.karto-k.eu\/index.php?rest_route=\/wp\/v2\/pages"}],"about":[{"href":"https:\/\/www.karto-k.eu\/index.php?rest_route=\/wp\/v2\/types\/page"}],"author":[{"embeddable":true,"href":"https:\/\/www.karto-k.eu\/index.php?rest_route=\/wp\/v2\/users\/1"}],"replies":[{"embeddable":true,"href":"https:\/\/www.karto-k.eu\/index.php?rest_route=%2Fwp%2Fv2%2Fcomments&post=18"}],"version-history":[{"count":21,"href":"https:\/\/www.karto-k.eu\/index.php?rest_route=\/wp\/v2\/pages\/18\/revisions"}],"predecessor-version":[{"id":672,"href":"https:\/\/www.karto-k.eu\/index.php?rest_route=\/wp\/v2\/pages\/18\/revisions\/672"}],"wp:attachment":[{"href":"https:\/\/www.karto-k.eu\/index.php?rest_route=%2Fwp%2Fv2%2Fmedia&parent=18"}],"curies":[{"name":"wp","href":"https:\/\/api.w.org\/{rel}","templated":true}]}}